{"id":2247,"date":"2022-04-21T12:13:31","date_gmt":"2022-04-21T12:13:31","guid":{"rendered":"http:\/\/fastwpdemo.com\/newwp\/homlane\/?page_id=2247"},"modified":"2025-07-26T21:48:00","modified_gmt":"2025-07-26T18:48:00","slug":"hizmetlerimiz","status":"publish","type":"page","link":"https:\/\/tiklaac.com\/index.php\/hizmetlerimiz\/","title":{"rendered":"Hizmetlerimiz"},"content":{"rendered":"\t\t<div data-elementor-type=\"wp-page\" data-elementor-id=\"2247\" class=\"elementor elementor-2247\">\n\t\t\t\t\t\t<section class=\"elementor-section elementor-top-section elementor-element elementor-element-33a6a04 elementor-section-full_width elementor-section-height-default elementor-section-height-default\" data-id=\"33a6a04\" data-element_type=\"section\">\n\t\t\t\t\t\t<div class=\"elementor-container elementor-column-gap-default\">\n\t\t\t\t\t<div class=\"elementor-column elementor-col-100 elementor-top-column elementor-element elementor-element-81e8c6c\" data-id=\"81e8c6c\" data-element_type=\"column\">\n\t\t\t<div class=\"elementor-widget-wrap elementor-element-populated\">\n\t\t\t\t\t\t<div class=\"elementor-element elementor-element-32e069d elementor-widget elementor-widget-homlane_ta_page_banner\" data-id=\"32e069d\" data-element_type=\"widget\" data-widget_type=\"homlane_ta_page_banner.default\">\n\t\t\t\t<div class=\"elementor-widget-container\">\n\t\t\t\t\t                <!-- Page Title -->\n        <section class=\"page-title\" style=\"background-image: url(https:\/\/tiklaac.com\/wp-content\/uploads\/2022\/05\/page-title.jpg);\">\n            <div class=\"pattern-layer\" style=\"background-image: url(https:\/\/tiklaac.com\/wp-content\/uploads\/2022\/05\/shape-43.png);\"><\/div>\n            <div class=\"auto-container\">\n                <div class=\"content-box\">\n                    <div class=\"title\">\n                        <h1>Hizmetlerimiz<\/h1>\n                    <\/div>\n                    <ul class=\"bread-crumb clearfix\">\n                        <li class=\"breadcrumb-item\"><a href=\"https:\/\/tiklaac.com\/\">Home<\/a><\/li><li class=\"breadcrumb-item\"><a href=\"https:\/\/tiklaac.com\/index.php\/hizmetlerimiz\/\">Hizmetlerimiz<\/a><\/li>                    <\/ul>\n                <\/div>\n            <\/div>\n        <\/section>\n        <!-- End Page Title -->\n\t\t        \t\t\t\t<\/div>\n\t\t\t\t<\/div>\n\t\t\t\t\t<\/div>\n\t\t<\/div>\n\t\t\t\t\t<\/div>\n\t\t<\/section>\n\t\t\t\t<section class=\"elementor-section elementor-top-section elementor-element elementor-element-6e6fa4e elementor-section-full_width elementor-section-height-default elementor-section-height-default\" data-id=\"6e6fa4e\" data-element_type=\"section\">\n\t\t\t\t\t\t<div class=\"elementor-container elementor-column-gap-default\">\n\t\t\t\t\t<div class=\"elementor-column elementor-col-100 elementor-top-column elementor-element elementor-element-97d4eb8\" data-id=\"97d4eb8\" data-element_type=\"column\">\n\t\t\t<div class=\"elementor-widget-wrap elementor-element-populated\">\n\t\t\t\t\t\t<div class=\"elementor-element elementor-element-29f9e5a elementor-widget elementor-widget-homlane_ta_our_services_v11\" data-id=\"29f9e5a\" data-element_type=\"widget\" data-widget_type=\"homlane_ta_our_services_v11.default\">\n\t\t\t\t<div class=\"elementor-widget-container\">\n\t\t\t\t\t    \n    <!-- service-style-four -->\n<section class=\"service-style-four service-page-3\">\n    <div class=\"container\">\n        <div class=\"sec-title-two centred\">\n            <span class=\"sub-title\">Hizmetlerimiz<\/span>\t\t\t<h2>Ne sa\u011fl\u0131yoruz?<\/h2>            <p>30 y\u0131ll\u0131k s\u0131hhi tesisat tecr\u00fcbemiz ile YEN\u0130 NES\u0130L TES\u0130SAT\u00c7INIZ slogan\u0131 ile Son teklonoji ka\u00e7ak bulma, gider a\u00e7ma cihazlar\u0131m\u0131z sayesinde k\u0131rmadan, d\u00f6kmeden ka\u00e7aklar\u0131 bulup onar\u0131yoruz. T\u0131kanan giderleri son teklonoji cihazlar\u0131m\u0131zla tespit ediyoruz ve cihaz\u0131m\u0131zla gideri a\u00e7t\u0131ktan sonra tekrar kamera y\u00f6ntemi ile t\u0131kan\u0131kl\u0131\u011f\u0131 kontrol ediyoruz. Sizde evinizde tadilat olmas\u0131n\u0131, evinizin k\u0131r\u0131l\u0131p d\u00f6k\u00fclmesini istemiyorsan\u0131z hemen bizimle ileti\u015fime ge\u00e7in. Yap\u0131lar\u0131n\u0131z d\u0131\u015f\u0131ndaki tesisatlar\u0131n\u0131zda olu\u015fan ya da olu\u015fabilecek t\u0131kan\u0131kl\u0131klar\u0131, s\u0131zd\u0131rmalar\u0131 k\u0131rmadan, d\u00f6kmeden tespit etmek ve en h\u0131zl\u0131, en g\u00fcvenli, en dayanakl\u0131 \u015fekilde onar\u0131m\u0131n\u0131 ger\u00e7ekle\u015ftirmek amac\u0131yla kurulmu\u015ftur. En son teknolojiyi kullanan firmam\u0131z, i\u015finde uzman, bilgi birikimi ve donan\u0131m\u0131 a\u00e7\u0131s\u0131ndan en \u00fcst d\u00fczeyde olan tak\u0131m arkada\u015flar\u0131 ile hizmet vermektedir.\nSu tesisat\u00e7\u0131s\u0131 olarak hizmet veren firmam\u0131z, sa\u011fl\u0131kl\u0131 bir ya\u015fam i\u00e7in binalarda bulunan tesisatlar\u0131n yenilenmesi ve sorunsuz bir \u015fekilde kullan\u0131lmas\u0131 i\u00e7in \u00e7al\u0131\u015fmaktad\u0131r. Kameral\u0131 su tesisat\u00e7\u0131s\u0131 i\u00e7in firmam\u0131z, Ankara genelinde k\u0131rmadan su ka\u00e7a\u011f\u0131 tamiri, musluk tamiri, lavabo t\u0131kan\u0131kl\u0131\u011f\u0131, klozet t\u0131kan\u0131kl\u0131\u011f\u0131 a\u00e7ma ,Kombi Petek Temizleme ve s\u0131hhi tesisat hizmetleri sunmaktad\u0131r. En yak\u0131n su tesisat\u00e7\u0131s\u0131 ve su tesisat tamircisi ar\u0131yorsan\u0131z bizi aray\u0131n. Sizlere en k\u0131sa zamanda hizmet sunal\u0131m.\n<\/p>        <\/div>\n        <div class=\"row clearfix\">\n                        <div class=\"col-lg-3 col-md-6 col-sm-12 service-block\">\n                <div class=\"service-block-four\">\n                    <div class=\"inner-box\">\n                        <div class=\"icon-box\"><i class=\"icon flaticon-padlock\"><\/i><\/div>\n\t\t\t\t\t\t<h3><a href=\"https:\/\/tiklaac.com\/index.php\/service\/su-kacagi-tespiti\/\">Su Ka\u00e7a\u011f\u0131 Tespiti<\/a><\/h3>\n\t\t\t\t\t\t<p>NEDEN B\u0130Z. G\u00fcveniilir kurum olma ilkesiyle hareket eden \u201cFirmam\u0131z\u201d bu ...<\/p>\n                        <div class=\"link\"><a href=\"https:\/\/tiklaac.com\/index.php\/service\/su-kacagi-tespiti\/\">Read more<\/a><\/div>\n                    <\/div>\n                <\/div>\n            <\/div>\n                        <div class=\"col-lg-3 col-md-6 col-sm-12 service-block\">\n                <div class=\"service-block-four\">\n                    <div class=\"inner-box\">\n                        <div class=\"icon-box\"><i class=\"icon flaticon-ventilation\"><\/i><\/div>\n\t\t\t\t\t\t<h3><a href=\"https:\/\/tiklaac.com\/index.php\/service\/ventilation\/\">T\u0131kan\u0131kl\u0131k A\u00e7ma Ve G\u00f6r\u00fcnt\u00fcleme<\/a><\/h3>\n\t\t\t\t\t\t<p>NEDEN B\u0130Z G\u00fcvenilir firma olma ilkesiyle hareket eden \u201cFirmam\u0131z\u201d bu ...<\/p>\n                        <div class=\"link\"><a href=\"https:\/\/tiklaac.com\/index.php\/service\/ventilation\/\">Read more<\/a><\/div>\n                    <\/div>\n                <\/div>\n            <\/div>\n                        <div class=\"col-lg-3 col-md-6 col-sm-12 service-block\">\n                <div class=\"service-block-four\">\n                    <div class=\"inner-box\">\n                        <div class=\"icon-box\"><i class=\"icon flaticon-ventilation-1\"><\/i><\/div>\n\t\t\t\t\t\t<h3><a href=\"https:\/\/tiklaac.com\/index.php\/service\/tesisat-hizmetleri\/\">Tesisat Hizmetleri<\/a><\/h3>\n\t\t\t\t\t\t<p>30 y\u0131ll\u0131k tecr\u00fcbemizle yerinde an\u0131nda \u00e7\u00f6z\u00fcm odakl\u0131 ,tecr\u00fcbe ve titizli\u011fi ...<\/p>\n                        <div class=\"link\"><a href=\"https:\/\/tiklaac.com\/index.php\/service\/tesisat-hizmetleri\/\">Read more<\/a><\/div>\n                    <\/div>\n                <\/div>\n            <\/div>\n                        <div class=\"col-lg-3 col-md-6 col-sm-12 service-block\">\n                <div class=\"service-block-four\">\n                    <div class=\"inner-box\">\n                        <div class=\"icon-box\"><i class=\"icon flaticon-circulation\"><\/i><\/div>\n\t\t\t\t\t\t<h3><a href=\"https:\/\/tiklaac.com\/index.php\/service\/petek-temizleme\/\">Petek Temizleme<\/a><\/h3>\n\t\t\t\t\t\t<p>NEDEN B\u0130Z. \u00c7ift y\u00f6nl\u00fc su bas\u0131n\u00e7l\u0131 y\u0131kama Her pete\u011fi yerinde ...<\/p>\n                        <div class=\"link\"><a href=\"https:\/\/tiklaac.com\/index.php\/service\/petek-temizleme\/\">Read more<\/a><\/div>\n                    <\/div>\n                <\/div>\n            <\/div>\n                    <\/div>\n    <\/div>\n<\/section>\n<!-- service-style-four end -->\n\n        \t\t\t\t<\/div>\n\t\t\t\t<\/div>\n\t\t\t\t\t<\/div>\n\t\t<\/div>\n\t\t\t\t\t<\/div>\n\t\t<\/section>\n\t\t\t\t<\/div>\n\t\t","protected":false},"excerpt":{"rendered":"<p>Hizmetlerimiz Home Hizmetlerimiz Hizmetlerimiz Ne sa\u011fl\u0131yoruz? 30 y\u0131ll\u0131k s\u0131hhi tesisat tecr\u00fcbemiz ile YEN\u0130 NES\u0130L TES\u0130SAT\u00c7INIZ slogan\u0131 ile Son teklonoji ka\u00e7ak bulma, gider a\u00e7ma cihazlar\u0131m\u0131z sayesinde k\u0131rmadan, d\u00f6kmeden ka\u00e7aklar\u0131 bulup onar\u0131yoruz. T\u0131kanan giderleri son teklonoji cihazlar\u0131m\u0131zla tespit ediyoruz ve cihaz\u0131m\u0131zla gideri a\u00e7t\u0131ktan sonra tekrar kamera y\u00f6ntemi ile t\u0131kan\u0131kl\u0131\u011f\u0131 kontrol ediyoruz. Sizde evinizde tadilat olmas\u0131n\u0131, evinizin k\u0131r\u0131l\u0131p [&hellip;]<\/p>\n","protected":false},"author":1,"featured_media":0,"parent":0,"menu_order":0,"comment_status":"closed","ping_status":"closed","template":"tpl-default-elementor.php","meta":{"footnotes":""},"class_list":["post-2247","page","type-page","status-publish","hentry"],"_links":{"self":[{"href":"https:\/\/tiklaac.com\/index.php\/wp-json\/wp\/v2\/pages\/2247","targetHints":{"allow":["GET"]}}],"collection":[{"href":"https:\/\/tiklaac.com\/index.php\/wp-json\/wp\/v2\/pages"}],"about":[{"href":"https:\/\/tiklaac.com\/index.php\/wp-json\/wp\/v2\/types\/page"}],"author":[{"embeddable":true,"href":"https:\/\/tiklaac.com\/index.php\/wp-json\/wp\/v2\/users\/1"}],"replies":[{"embeddable":true,"href":"https:\/\/tiklaac.com\/index.php\/wp-json\/wp\/v2\/comments?post=2247"}],"version-history":[{"count":10,"href":"https:\/\/tiklaac.com\/index.php\/wp-json\/wp\/v2\/pages\/2247\/revisions"}],"predecessor-version":[{"id":3889,"href":"https:\/\/tiklaac.com\/index.php\/wp-json\/wp\/v2\/pages\/2247\/revisions\/3889"}],"wp:attachment":[{"href":"https:\/\/tiklaac.com\/index.php\/wp-json\/wp\/v2\/media?parent=2247"}],"curies":[{"name":"wp","href":"https:\/\/api.w.org\/{rel}","templated":true}]}}